{"id":8665,"date":"2021-09-07T12:11:38","date_gmt":"2021-09-07T10:11:38","guid":{"rendered":"https:\/\/www.pi.infn.it\/?page_id=8665"},"modified":"2021-09-07T12:22:12","modified_gmt":"2021-09-07T10:22:12","slug":"at-db-0075","status":"publish","type":"page","link":"https:\/\/www.pi.infn.it\/?page_id=8665","title":{"rendered":"AT &#8211; db &#8211; 0075"},"content":{"rendered":"\n<table style=\"height: 48px;width: 101.314%;border-color: #e0dcdc\" border=\"5px\">\n<tbody>\n<tr>\n<td style=\"width: 25%;text-align: center\"><span style=\"color: #ff6600\"><em>Attrezzatura<\/em><\/span><\/td>\n<td style=\"width: 25%;text-align: center\"><span style=\"color: #ff6600\"><em>Nome<\/em><\/span><\/td>\n<td style=\"width: 25%;text-align: center\"><span style=\"color: #ff6600\"><em>Inventario n.<\/em><\/span><\/td>\n<td style=\"width: 25%;text-align: center\"><span style=\"color: #ff6600\"><em>Note\/Info<\/em><\/span><\/td>\n<\/tr>\n<tr>\n<td style=\"width: 25%;text-align: center\"><em>Centrifuga per colla<\/em><\/td>\n<td style=\"width: 25%;text-align: center\"><em>DM0412<\/em><\/td>\n<td style=\"width: 25%;text-align: center\"><em><strong>2381<\/strong><\/em><\/td>\n<td style=\"width: 25%;text-align: center\"><a href=\"http:\/\/www.dlabsci.com\/english\/index.htm\"><em>DLAB<\/em><\/a><\/td>\n<\/tr>\n<\/tbody>\n<\/table>\n<ul>\n<li><em>Centrifuga per colla\u00a0 DM0412<br \/><\/em><\/li>\n<li><em>Centrifughe cliniche DM0412 con rotore A12-10P<\/em><\/li>\n<li><em>Manuale &#8211; <a href=\"https:\/\/www.pi.infn.it\/wp-content\/uploads\/2021\/09\/MANU_1118.pdf\">Download<\/a><\/em><\/li>\n<li><em>Specifiche Tecniche &#8211; <a href=\"https:\/\/www.pi.infn.it\/wp-content\/uploads\/2021\/09\/PDS-1118.pdf\">Download<\/a><\/em><\/li>\n<\/ul>\n<p><em>\u00a0<\/em><\/p>\n<table style=\"height: 48px;width: 101.314%;border-color: #e0dcdc\" border=\"5px\">\n<tbody>\n<tr>\n<td style=\"width: 100%\"><img decoding=\"async\" loading=\"lazy\" class=\"aligncenter wp-image-8669 size-full\" src=\"https:\/\/www.pi.infn.it\/wp-content\/uploads\/2021\/09\/DM0412.jpg\" alt=\"\" width=\"816\" height=\"709\" srcset=\"https:\/\/www.pi.infn.it\/wp-content\/uploads\/2021\/09\/DM0412.jpg 816w, https:\/\/www.pi.infn.it\/wp-content\/uploads\/2021\/09\/DM0412-300x261.jpg 300w, https:\/\/www.pi.infn.it\/wp-content\/uploads\/2021\/09\/DM0412-768x667.jpg 768w\" sizes=\"(max-width: 816px) 100vw, 816px\" \/><\/td>\n<\/tr>\n<tr>\n<td style=\"width: 100%\">\n<p>Centrifuga clinica per centrifugazione di campioni di piccolo volume in laboratori clinici, industriali e di ricerca. Facile da programmare e gestire per ottenere un\u2019elevata precisione nel controllo della velocit\u00e0. La velocit\u00e0 del rotore pu\u00f2 essere impostata e visualizzata in maniera chiara utilizzando RPM o FCR da 300 rpm a un massimo di 4500 rpm \/ 2490 xg (con incrementi di 100 rpm). Accuratezza della velocit\u00e0: \u00b120 rpm. Il rotore, incluso con l\u2019apparecchiatura (CCEN-A01-001), \u00e8 progettato per una capacit\u00e0 che va da provette tipo vacutainer da 1,5 a provette coniche da 15 ml, utilizzando adattatori e inserti (inclusi). Sono possibili le seguenti configurazioni:<br \/>-8 provette coniche da 15 ml (\u00d817 x L120mm)-Non sono richiesti adattatori<br \/>-12 vacutainer da 1,5-5 ml (\u00d813 x L82mm)-1 x CCEN-A02-001 e 1 x CCEN-A03-001 per provetta<br \/>-12 vacutainer da 4-7 ml (\u00d813 x L106mm)-1 x CCEN-A02-001 per provetta<br \/>-12 vacutainer da 4-7 ml (\u00d816 x L75mm)-Non sono richiesti adattatori<br \/>-12 vacutainer da 8,5-10 ml (\u00d815 x L107mm)-Non sono richiesti adattatori<br \/>-12 provette di raccolta da 2,7-3 ml (\u00d811 x L66mm)-1 x CCEN-A02-001 e 1 x CCEN-A03-001 per provetta<br \/>-12 provette di raccolta da 7,5-8,2 ml (\u00d815 x L92mm)-1 x CCEN-A02-001 per provetta<br \/>Accelerazione e frenata rapida (tempo di accelerazione: 20 sec. \/ tempo di frenata: 20 sec.). Motore brushless<br \/>esente da manutenzione. Tenendo premuto il tasto \u00abPULSE\u00bb \u00e8 possibile eseguire una funzione di rotazione rapida. Consente di lavorare in modo continuo in posizione \u00abHOLD\u00bb o di impostare il timer da 30 secondi a un massimo di 99 minuti. Rotore in plastica ad alta resistenza con marcatura CE. Funzione di allarme sonoro. \u00c8 dotato anche di un blocco del coperchio, rilevamento in caso di velocit\u00e0 eccessiva e rilevamento in caso di temperatura eccessiva e diagnosi interna automatica. Dimensioni: 245 x 255 x 140 mm. 200-240 V \/ 50-60 Hz.<\/p>\n<\/td>\n<\/tr>\n<\/tbody>\n<\/table>\n<p>\u00a0<\/p>\n<table style=\"border-collapse: collapse;width: 100%\">\n<tbody>\n<tr>\n<td style=\"width: 100%\">\n<table class=\"NormalTable\" style=\"height: 48px;width: 101.314%;border-color: #e0dcdc\" border=\"5px\">\n<tbody>\n<tr>\n<td width=\"200\"><span class=\"fontstyle0\">Maximum speed <\/span><\/td>\n<td width=\"200\"><span class=\"fontstyle0\">4500rpm(300-4500rpm), increment: 100rpm<\/span><\/td>\n<\/tr>\n<tr>\n<td width=\"200\"><span class=\"fontstyle0\">Maximum RCF <\/span><\/td>\n<td width=\"200\"><span class=\"fontstyle0\">2490\u00d7g, increment: 100\u00d7g<\/span><\/td>\n<\/tr>\n<tr>\n<td width=\"200\"><span class=\"fontstyle0\">Maximum capacity <\/span><\/td>\n<td width=\"200\"><span class=\"fontstyle0\">10ml\u00d712, 15ml\u00d78<\/span><\/td>\n<\/tr>\n<tr>\n<td width=\"200\"><span class=\"fontstyle0\">Timer <\/span><\/td>\n<td width=\"200\"><span class=\"fontstyle0\">30seconds -99minutes-HOLD, continuous operation<\/span><\/td>\n<\/tr>\n<tr>\n<td width=\"200\"><span class=\"fontstyle0\">Noise <\/span><\/td>\n<td width=\"200\"><span class=\"fontstyle0\">56dB(A)<\/span><\/td>\n<\/tr>\n<tr>\n<td width=\"200\"><span class=\"fontstyle0\">Driving Motor <\/span><\/td>\n<td width=\"200\"><span class=\"fontstyle0\">Brushless DC motor<\/span><\/td>\n<\/tr>\n<tr>\n<td width=\"200\"><span class=\"fontstyle0\">Safety devices <\/span><\/td>\n<td width=\"200\"><span class=\"fontstyle0\">Door interlock, Over-speed detector, Automatic internal diagnosis<\/span><\/td>\n<\/tr>\n<tr>\n<td width=\"200\"><span class=\"fontstyle0\">Power requirements<\/span><\/td>\n<td width=\"200\"><span class=\"fontstyle0\">Single-phase, 110V-240V, 50Hz\/60Hz, 3A.<\/span><\/td>\n<\/tr>\n<tr>\n<td width=\"200\"><span class=\"fontstyle0\">Ambient condition<br \/>-Set-up site<br \/>-Altitude<br \/>-Ambient temperature<br \/>-Humidity<br \/>-Excess-voltage category<br \/>-Pollution degree<\/span><\/td>\n<td width=\"200\"><span class=\"fontstyle0\">Indoor only<br \/>Up to 2000 m above sea level<br \/>2\u00b0C <\/span><span class=\"fontstyle2\">\uff5e <\/span><span class=\"fontstyle0\">40\u00b0C<br \/>80%<br \/>II<br \/>2<\/span><\/td>\n<\/tr>\n<tr>\n<td width=\"200\"><span class=\"fontstyle0\">Device protection class <\/span><\/td>\n<td width=\"200\"><span class=\"fontstyle0\">I<\/span><\/td>\n<\/tr>\n<tr>\n<td width=\"200\"><span class=\"fontstyle0\">EMC<br \/>-Emitted interference,<br \/>Interference immunity<\/span><\/td>\n<td width=\"200\"><span class=\"fontstyle0\">EN\/IEC 61326-1<br \/>Class A<\/span><\/td>\n<td width=\"200\"><span class=\"fontstyle0\">FCC Class A<\/span><\/td>\n<\/tr>\n<tr>\n<td width=\"200\"><span class=\"fontstyle0\">Dimensions<\/span><span class=\"fontstyle2\">\uff08<\/span><span class=\"fontstyle0\">mm<\/span><span class=\"fontstyle2\">\uff09 <\/span><\/td>\n<td width=\"200\"><span class=\"fontstyle2\">\uff08<\/span><span class=\"fontstyle0\">L<\/span><span class=\"fontstyle2\">\uff09 <\/span><span class=\"fontstyle0\">354\u00d7<\/span><span class=\"fontstyle2\">\uff08<\/span><span class=\"fontstyle0\">W<\/span><span class=\"fontstyle2\">\uff09 <\/span><span class=\"fontstyle0\">301\u00d7<\/span><span class=\"fontstyle2\">\uff08<\/span><span class=\"fontstyle0\">H<\/span><span class=\"fontstyle2\">\uff09 <\/span><span class=\"fontstyle0\">217<\/span><\/td>\n<\/tr>\n<tr>\n<td width=\"200\"><span class=\"fontstyle0\">Weight <\/span><\/td>\n<td width=\"200\"><span class=\"fontstyle0\">6kg<\/span><\/td>\n<\/tr>\n<tr>\n<td width=\"200\"><span class=\"fontstyle0\">Additional features <\/span><\/td>\n<td width=\"200\"><span class=\"fontstyle0\">Speed\/RCF switch, Pulse operation, Processing display, Voice reminder<\/span><\/td>\n<\/tr>\n<\/tbody>\n<\/table>\n<\/td>\n<\/tr>\n<\/tbody>\n<\/table>\n","protected":false},"excerpt":{"rendered":"<p>Attrezzatura Nome Inventario n. Note\/Info Centrifuga per colla DM0412 2381 DLAB Centrifuga per colla\u00a0 DM0412 Centrifughe cliniche DM0412 con rotore A12-10P Manuale &#8211; Download Specifiche Tecniche &#8211; Download \u00a0 Centrifuga clinica per centrifugazione di campioni di piccolo volume in laboratori clinici, industriali e di ricerca. Facile da programmare e gestire per ottenere un\u2019elevata precisione nel [&hellip;]<\/p>\n","protected":false},"author":30,"featured_media":0,"parent":0,"menu_order":0,"comment_status":"closed","ping_status":"closed","template":"","meta":{"_links_to":"","_links_to_target":""},"publishpress_future_action":{"enabled":false,"date":"2026-05-17 13:26:08","action":"change-status","newStatus":"draft","terms":[],"taxonomy":"language"},"_links":{"self":[{"href":"https:\/\/www.pi.infn.it\/index.php?rest_route=\/wp\/v2\/pages\/8665"}],"collection":[{"href":"https:\/\/www.pi.infn.it\/index.php?rest_route=\/wp\/v2\/pages"}],"about":[{"href":"https:\/\/www.pi.infn.it\/index.php?rest_route=\/wp\/v2\/types\/page"}],"author":[{"embeddable":true,"href":"https:\/\/www.pi.infn.it\/index.php?rest_route=\/wp\/v2\/users\/30"}],"replies":[{"embeddable":true,"href":"https:\/\/www.pi.infn.it\/index.php?rest_route=%2Fwp%2Fv2%2Fcomments&post=8665"}],"version-history":[{"count":6,"href":"https:\/\/www.pi.infn.it\/index.php?rest_route=\/wp\/v2\/pages\/8665\/revisions"}],"predecessor-version":[{"id":8678,"href":"https:\/\/www.pi.infn.it\/index.php?rest_route=\/wp\/v2\/pages\/8665\/revisions\/8678"}],"wp:attachment":[{"href":"https:\/\/www.pi.infn.it\/index.php?rest_route=%2Fwp%2Fv2%2Fmedia&parent=8665"}],"curies":[{"name":"wp","href":"https:\/\/api.w.org\/{rel}","templated":true}]}}