{"id":2345,"date":"2020-03-05T11:05:17","date_gmt":"2020-03-05T10:05:17","guid":{"rendered":"http:\/\/wordpress.pi.infn.it\/?page_id=2345"},"modified":"2025-09-19T16:45:45","modified_gmt":"2025-09-19T14:45:45","slug":"associazioni-infn","status":"publish","type":"page","link":"https:\/\/www.pi.infn.it\/?page_id=2345","title":{"rendered":"Associazioni INFN"},"content":{"rendered":"\n<p style=\"text-align: justify\">L&#8217;associazione \u00e8 a termine e gratuita, viene valutata e attribuita dal Direttore della Struttura dell&#8217;INFN in conformit\u00e0 con le necessit\u00e0 dei programma e dei progetti di ricerca.<\/p>\n<h3 style=\"text-align: justify\">Procedura<\/h3>\n<p style=\"text-align: justify\">Coloro che sono interessati a fare domanda di associazione all\u2019INFN presso la Sezione di Pisa sono pregati di collegarsi al seguente indirizzo:<\/p>\n<p style=\"text-align: justify\"><a href=\"http:\/\/www.ac.infn.it\/associazioni\/PaginaPubblicaAssociazioni\/index.html\" target=\"_blank\" rel=\"noopener noreferrer\">http:\/\/www.ac.infn.it\/associazioni\/PaginaPubblicaAssociazioni\/index.html<\/a><\/p>\n<p style=\"text-align: justify\">Seguendo le istruzioni sar\u00e0 possibile inserire una nuova proposta di associazione e scaricare eventuali\u00a0 allegati pertinenti.<\/p>\n<p style=\"text-align: justify\">NB: non \u00e8 possibile caricare direttamente i file richiesti nella proposta di associazione, siete quindipregati di inviarli in formato PDF al email: <a href=\"mailto:direzione@lists.pi.infn.it\">direzione@lists.pi.infn.it<\/a><\/p>\n<p><span style=\"color: #ff0000\"><strong>Per ogni questione siete pregati di aprire un ticket all&#8217;<a style=\"color: #ff0000\" href=\"https:\/\/www.pi.infn.it\/?page_id=14825\"><span style=\"text-decoration: underline\">Help Desk del Servizio di Direzione\u00a0<\/span><\/a><\/strong><\/span><\/p>\n<p style=\"text-align: justify\">Resta inteso che tutti gli incarichi possono sempre essere rescissi anticipatamente, o per volont\u00e0 della persona interessata o qualora decadano le condizioni che ne hanno determinato l&#8217;attribuzione.<\/p>\n<p style=\"text-align: justify\"><a href=\"https:\/\/www.ac.infn.it\/normativa\/DISCIPLINARI%20NUOVI%20%20E%20RETTIFICHE%202019\/Disciplinare%20incarichi%20di%20associazione%202019.pdf\">Disciplinare per gli incarichi di associazione alle attivit\u00e0 scientifiche dell&#8217;INFN<\/a><br \/>Adottato con deliberazione del Consiglio Direttivo n. 14906 del 26 ottobre 2018 <strong>in vigore dal 1\u00b0 gennaio 2019<\/strong><\/p>\n<p style=\"text-align: justify\"><a href=\"https:\/\/www.ac.infn.it\/normativa\/DISCIPLINARI%20NUOVI%20%20E%20RETTIFICHE%202019\/Rettifica_Disciplinare_incarichi_associazione.pdf\">Rettifica al Disciplinare per gli incarichi di associazione alle attivit\u00e0 scientifiche dell&#8217;INFN<\/a><br \/>Adottato con deliberazione del Consiglio Direttivo n. 15095 del 29 marzo 2019<\/p>\n","protected":false},"excerpt":{"rendered":"<p>L&#8217;associazione \u00e8 a termine e gratuita, viene valutata e attribuita dal Direttore della Struttura dell&#8217;INFN in conformit\u00e0 con le necessit\u00e0 dei programma e dei progetti di ricerca. Procedura Coloro che sono interessati a fare domanda di associazione all\u2019INFN presso la Sezione di Pisa sono pregati di collegarsi al seguente indirizzo: http:\/\/www.ac.infn.it\/associazioni\/PaginaPubblicaAssociazioni\/index.html Seguendo le istruzioni sar\u00e0 [&hellip;]<\/p>\n","protected":false},"author":26,"featured_media":0,"parent":0,"menu_order":0,"comment_status":"closed","ping_status":"closed","template":"","meta":{"_links_to":"","_links_to_target":""},"publishpress_future_action":{"enabled":false,"date":"2026-05-15 07:49:31","action":"change-status","newStatus":"draft","terms":[],"taxonomy":"language"},"_links":{"self":[{"href":"https:\/\/www.pi.infn.it\/index.php?rest_route=\/wp\/v2\/pages\/2345"}],"collection":[{"href":"https:\/\/www.pi.infn.it\/index.php?rest_route=\/wp\/v2\/pages"}],"about":[{"href":"https:\/\/www.pi.infn.it\/index.php?rest_route=\/wp\/v2\/types\/page"}],"author":[{"embeddable":true,"href":"https:\/\/www.pi.infn.it\/index.php?rest_route=\/wp\/v2\/users\/26"}],"replies":[{"embeddable":true,"href":"https:\/\/www.pi.infn.it\/index.php?rest_route=%2Fwp%2Fv2%2Fcomments&post=2345"}],"version-history":[{"count":16,"href":"https:\/\/www.pi.infn.it\/index.php?rest_route=\/wp\/v2\/pages\/2345\/revisions"}],"predecessor-version":[{"id":15455,"href":"https:\/\/www.pi.infn.it\/index.php?rest_route=\/wp\/v2\/pages\/2345\/revisions\/15455"}],"wp:attachment":[{"href":"https:\/\/www.pi.infn.it\/index.php?rest_route=%2Fwp%2Fv2%2Fmedia&parent=2345"}],"curies":[{"name":"wp","href":"https:\/\/api.w.org\/{rel}","templated":true}]}}